u(v).
27
Let p(n) = n**2 - 3*n + 3. Let r(v) = -7*v. Let i be r(-3). Suppose 30 = -3*y - 21. Let w = y + i. What is p(w)?
7
Let t(c) be the third derivative of c**4/3 + 2*c**3/3 - c**2 - 27. Determine t(-1).
-4
Let f(a) = -12*a + 1. Suppose -5*x + 3*h = 6, 2*x - 14*h + 18*h = -18. Give f(x).
37
Let h(j) be the first derivative of j**7/840 - j**6/120 + j**5/60 + j**4/12 - 3*j**3 + 8. Let i(s) be the third derivative of h(s). What is i(3)?
8
Suppose 0 = 12*t + 132 - 444. Let f(b) = -b**3 + 27*b**2 - 28*b + 51. What is f(t)?
-1
Let b = 34 - 31. Suppose 11*l - 10*l = b. Let a(r) be the third derivative of r**4/24 - 2*r**3/3 + r**2. What is a(l)?
-1
Suppose -i - 2*j = 3, 2*i = 5*i - 4*j - 41. Let x(g) be the second derivative of g**4/12 - g**3 - 3*g**2 + g. Calculate x(i).
1
Let a(u) = 9*u - 8. Let y(k) = 2*k + 1. Let l(w) = a(w) - 4*y(w). Calculate l(0).
-12
Let a be ((-12)/(-36))/((-166)/(-42) + -4). Let n(t) = t**3 + 7*t**2 - 2*t - 10. Calculate n(a).
4
Let b(c) = -348*c + 113*c + 120*c + 3 + 119*c + 2*c**2 + c**3. Calculate b(-2).
-5
Let c(u) = -u**2 - 9*u + 7. Let f(d) = 3*d**2 + 26*d - 20. Let n(p) = -17*c(p) - 6*f(p). Let l = -2422 + 2418. Give n(l).
-3
Let u(b) = b + 6. Let h = 17 - 16. Suppose h = -4*a + y, -2*a + 0*y = y - 7. Let n be (-1 - 3) + (5 - a). What is u(n)?
6
Let u = 50 - 50. Suppose 3*t - 9 = -u*t. Let w(i) = -2*i**3 + 0*i**2 + i**3 + 2*i**2 - 1 + 4*i. Give w(t).
2
Let i(r) = -r**3 + 6*r**2 - 7*r - 2. Suppose 3*v - 8*v = -20. Give i(v).
2
Let n(u) = -6 - 2*u**2 + u**3 + 3*u**3 - 3*u**3 - 3*u + 5*u**2. Give n(-4).
-10
Let t(u) = -16*u**2 + 8*u + 14. Let y(b) = -3*b**2 + 1. Let f(r) = t(r) - 5*y(r). Give f(9).
0
Suppose 3*g - 12 = g. Suppose n = 4*x - 21, -g*x = -2*x - 16. Let u(y) = y**3 + 4*y**2 - 7*y - 5. Calculate u(n).
5
Let z(t) = 9*t - 8. Let c(r) = 10*r - 9. Let q(b) = -5*c(b) + 6*z(b). Let i = 97 + -57. Let p be i/18 - (-6)/(-27). What is q(p)?
5
Let l(h) = -13*h - 42 + 91 - 43 + 12*h. Determine l(5).
1
Suppose 3*g - 5*g - 3*z - 7 = 0, -5*g + 15 = z. Let a(q) = q**3 - 4*q**2 + q - 4. Give a(g).
0
Let a(y) be the second derivative of y**4/12 - 8*y**3/3 + 6*y**2 + 100*y. Calculate a(15).
-3
Let d(p) = -4*p**2 - 7*p - 11. Let m(v) = -10*v**2 - 21*v - 32. Let o(h) = -8*d(h) + 3*m(h). What is o(6)?
22
Let y(p) = -p**3 + 4*p**2 - 2*p - 1. Let t = -29 + 42. Let w = t - 9. Suppose 0 = 2*a - 3*l - 2, l + w = 2*a - l. Give y(a).
-9
Suppose 0*v = -v + 5. Let p(r) be the first derivative of 4 - 3*r + 1/3*r**3 - 2*r**2. Give p(v).
2
Let j(g) be the first derivative of g**4/4 - 23*g**3/3 + 11*g**2 - 7*g - 130. What is j(22)?
-7
Suppose 2*l - 2*g = 60, -4*l - g + 4*g + 122 = 0. Let a = l - 35. Let i(s) = -s**3 - 3*s**2 - 2*s - 3. Give i(a).
3
Let i(m) = -m**3 + 2*m**2 + 5*m + 5. Suppose 2*c + 5 = 4*b + 17, -c - b = -3. Give i(c).
-7
Let j be (48495/150)/(-53) + 4/40 + 0. Let z(g) = 2*g + 13 + 0*g + g. Determine z(j).
-5
Let b(t) = 2*t**2 + 7*t - 53. Let z(w) = -w**2 - 3*w + 27. Let k(a) = -6*b(a) - 11*z(a). Determine k(-11).
-1
Suppose 2*f + 3*f - 3*v = 45, 3*v + 39 = 4*f. Let g(l) = 2*l + 8. Let d(a) = -6*a - 20. Let z(i) = -d(i) - 2*g(i). Calculate z(f).
16
Let t(f) be the first derivative of f**2/2 - 1. Let w(u) = 5*u - 62. Suppose -4*n + 57 = 5*i, -3*i + 31 + 0 = 4*n. Let y be w(i). Calculate t(y).
3
Let y(m) be the second derivative of -m**5/20 - 5*m**4/6 + 5*m**3/6 + 7*m**2/2 + 372*m. Calculate y(-10).
-43
Let c(b) = -5*b. Let f be 54/(-24)*(-16)/(-6) + 5. What is c(f)?
5
Let n(g) = 880*g**2 + 4*g + 4 - 1769*g**2 + 887*g**2. Calculate n(-2).
-12
Let b(y) = -y**3 + 4*y**2 + 3*y - 10. Let s be b(4). Let d(w) = -w**3 - 2 - 6 + 4*w**s + 9 + w. Let v be (-6)/(-9) - 10/(-3). Determine d(v).
5
Let k = -96 + 97. Let d(l) be the first derivative of -k - 1/2*l**2 + l + 1/3*l**3. What is d(3)?
7
Suppose -11*h + 17 = 4*i - 14*h, 5*i - 3*h - 19 = 0. Let j(l) = -4*l**2 + 4*l - 2. Let a(n) = -n**3 - n**2 + n. Let v(g) = a(g) - j(g). What is v(i)?
0
Let c = 6 - 3. Let m(j) = -c + 2*j + 2*j - j**2 - 6*j. Let b(q) = -27*q - 299. Let a be b(-11). What is m(a)?
-3
Suppose -4 = -o + 4*f, 4*o - 30*f + 56 = -32*f. Let q(h) = h**2 + 13*h + 19. Give q(o).
7
Let g(r) = r**2 + 6*r + 3. Let w(s) = -2*s**3 + 11*s**2 - 2*s + 6. Let n be w(5). Let i be 7/(n/(-6)) + -3. Calculate g(i).
-2
Let g(m) = m**2 + 9*m - 6. Suppose 0*t + 2*t + 38 = 4*o, 25 = 5*o. What is g(t)?
-6
Let s(x) = 5*x**2 - 7*x - 3*x**2 - 11*x**2 + 7*x**2 + 3. What is s(-6)?
-27
Let c(v) be the first derivative of 3*v**2/2 - v + 2. Let u(y) = y**3 + 12*y**2 - 12*y + 17. Let m be u(-13). What is c(m)?
11
Let k = -5 + 9. Let h(u) = -2*u + k*u + 0*u. Let d(z) = z**3 + 8*z**2 - 8*z + 12. Let i be d(-9). Determine h(i).
6
Let h(i) = -i**3 - 2*i**2 - i - 2. Let j(y) = y**2 - y. Let b(t) = 6*t**2 + 4*t + 11. Let a(k) = b(k) - 5*j(k). Let x = -71 + 64. Let m be a(x). Determine h(m).
10
Suppose -14*m = -15*m + 2*z - 9, -5*z + 23 = -2*m. Let s(v) = 24*v**3 + 2*v - 2. Determine s(m).
24
Let g = 314 + -327. Let q(s) = -s**3 - 12*s**2 + 12*s - 7. Calculate q(g).
6
Let a(q) = 30 - q - 43 - 13. Determine a(-11).
-15
Let x(o) = 9*o + 16. Let j(q) = -8*q - 12. Let c(v) = -4*j(v) - 3*x(v). What is c(-5)?
-25
Let r(z) = 2*z**2 + 17*z + 19. Let p(u) = -u**2 + u - 1. Let c(s) = p(s) + r(s). Calculate c(-16).
-14
Let l = 355 - 362. Let m(z) = -3*z - 16. Give m(l).
5
Let h(i) be the first derivative of -i**3/3 + 7*i**2/2 + 9*i - 155. Determine h(9).
-9
Let x(f) = -2*f + 21. Let t(g) = 109*g + 661. Let b be t(-6). Calculate x(b).
7
Let w be 2 + (-3)/10 + (-1139)/170. Let v(a) be the third derivative of a**4/8 + 2*a**3/3 - 2*a**2. Determine v(w).
-11
Let k(l) = 4*l**2 - 7*l - 3. Let n(f) = 2*f**2 - 3*f - 1. Let c = 109 + -111. Let y(h) = c*k(h) + 5*n(h). Give y(-2).
11
Let f(k) = 373*k + 1 + k**3 - 13*k**2 - 182*k - 179*k. Give f(12).
1
Let r(b) = -b**2 - 3509*b**3 - 3 - 2*b**2 + 3510*b**3 + 3*b. Give r(3).
6
Suppose 5*i + 22 = -23. Let y(j) = -j**3 - 9*j**2 + j + 1. Calculate y(i).
-8
Let m(x) be the second derivative of 1/6*x**3 - x + 0 + 0*x**2. Determine m(4).
4
Let w(m) = -m**2 - 14*m - 23. Let k(h) = -h**2 + 9*h - 18. Let q be k(8). Give w(q).
17
Let q be (4 + 42/(-15))/(2/(-10)). Let j(s) = 2*s - 2. Determine j(q).
-14
Let v be -3 + (-1 - (2 - (-111)/(-18))). Let c(t) be the third derivative of 0 - v*t**3 - 1/8*t**4 - 5*t**2 + 0*t. Give c(-3).
8
Let m be 5 + 5*(-1 - (-2)/10). Let l(d) = 5*d**2 - d**2 + 7*d**3 - d - 2*d**2. What is l(m)?
8
Suppose -g + 4*g = 21. Suppose 5*h - g*h + 6 = 0. Let a(p) = -8*p + 2*p**h - 1 - 5*p**3 - 4*p**2 + 6*p + 2*p**3. Give a(-3).
-4
Let c = 497 + -494. Let a(m) = m**2 + 2*m. Determine a(c).
15
Let n(c) be the first derivative of c**3/3 + c**2/2 + 3*c + 109. Suppose 5*w = 2*o + 4, -o - 2*o = -2*w + 6. Determine n(w).
3
Let p(d) = -3*d**3 + 39*d**2 - d - 5. Let f(m) = 2*m**3 - 25*m**2 + m + 3. Let g(h) = 8*f(h) + 5*p(h). Calculate g(4).
-5
Suppose -3*r + 4*h + 1 + 21 = 0, r - h = 6. Suppose -i + r*s + 0 = 3, 4*s = i + 9. Let g(c) = 13 - i + c**2 + 1 + c. Calculate g(0).
11
Let s(q) = q - 3. Suppose -7 = -4*n + 5. Suppose -4*x + n = -3*x. Suppose -x*t + t + 2 = -b, 4 = -t - 2*b. What is s(t)?
-3
Let i(g) = g**3 - 3*g**2 - 9*g - 2. Let q(o) = o**2 - 3*o + 0*o**2 + 4*o. Let a(b) = i(b) + 6*q(b). Suppose f = 2*d + 5, -5*d - 5*f - 31 = -d. What is a(d)?
-6
Let z(a) = -9*a + 18 + 13 - 31. Suppose -3*o + 38 = -5*o. Let m = o - -20. What is z(m)?
-9
Let q(g) = 81*g. Let c(h) = 5*h. Let d(m) = -33*c(m) + 2*q(m). Let o be ((-5)/10)/((-23)/(-24) + -1). Suppose v + o - 11 = 0. Determine d(v).
3
Let y(w) = 9*w**2 + 10*w + 18. Let u(n) = 3*n**2 + 3*n + 5. Let l(a) = 14*u(a) - 4*y(a). Calculate l(-2).
18
Let h be -6 - 7/(49/(-77)). Let t(j) = -j**2 + 5*j - 1. Determine t(h).
-1
Let q(a) = a**2 + 11*a - 9. Let d be 136/(-51)*45/12. Determine q(d).
-19
Let a(q) be the first derivative of 2*q**2 - 11*q - 24. Give a(8).
21
Let l(p) = p**2 - 6*p + 4. Suppose -4 = -4*x, -z + 20 = 2*z + 5*x. Suppose -z*h - 2*i + 4 = -29, 0 = -2*h - i + 13. Determine l(h).
11
Let n = 32 - 32. Let j(q) = 3 + n*q + q - 2*q. Determine j(8).
-5
Let m(k) = k**2 + 8*k + 4. Suppose 178 = -56*c - 102. Calculate m(c).
-11
Let h(f) = 2*f - 12. Suppose -85*z - 321 - 359 = 0. Determine h(z).
-28
Let j(c) be the first derivative